x. Suppose q = -4*a + 5*a + 56, 2*a = w. Let v = q - 22. What is the tens digit of v?
3
Let l be 2 + ((-1)/(-3))/((-2)/(-12)). Let d be 2/(-7) - l/(-14). Suppose -3*g + 7*g - 92 = d. What is the units digit of g?
3
Suppose 309 + 86 = 5*b. Let o(a) = -2*a**2 + 13*a - 15. Let x be o(7). Let q = b + x. What is the tens digit of q?
5
Suppose 13*k - 1833 = -2873. Suppose -4*c = 2*t - 528, -c = 3*c - 4*t - 504. Let i = k + c. What is the units digit of i?
0
Suppose 172 = -11*b - 312. Let i = b - -58. Suppose i*s = 13*s + 83. What is the tens digit of s?
8
Suppose -483 + 480 = -3*f. What is the units digit of (-37)/37 + f + 1589?
9
Let v(x) = 7 - 21*x**2 - 3*x + x**3 + 31*x**2 - 13*x**2. Let y be 15*(90/(-25) + 4). What is the units digit of v(y)?
7
Suppose 0*u - 23 = u. Let c = 23 + u. Suppose 3*q + c*q + f = 244, 5*q + 4*f - 409 = 0. What is the units digit of q?
1
Let n be -6*(-3 + 104/(-16)). Suppose 0 = 3*y + 9, 3*y + 0*y = -5*s + 76. Let l = n - s. What is the units digit of l?
0
Let z(k) = 16968*k**2 + 252*k - 252. What is the units digit of z(1)?
8
Suppose -3*k + 13 = -2*k. Suppose n + k = l - 0*l, -l = 2*n - 1. What is the tens digit of 6/2*(l + 18)?
8
Let a(t) = 21 - 17*t - 10*t + 8 + 32*t - 8*t. Suppose 0 = 3*c - c + 18. What is the tens digit of a(c)?
5
Let i(d) be the second derivative of 2*d**7/315 + d**6/360 - 13*d**4/12 - 4*d. Let o(s) be the third derivative of i(s). What is the tens digit of o(2)?
6
What is the tens digit of ((-337718)/6 - 84/(-36))*(-1)/2?
4
Let s(b) = -16*b - 66. Let f be s(-4). What is the units digit of f/(-5) - 189798/(-105)?
8
Let b = 23 + 6. Let u = -12 + 2. Let p = b + u. What is the tens digit of p?
1
Suppose n + n - 34874 = -4*z, 3*n = 5*z + 52267. What is the ten thousands digit of n?
1
Suppose 0 = -2*d - 2469 + 773. What is the hundreds digit of (12/(-20) - -2)*(17 - d)?
2
Let s = 970 - 97. What is the tens digit of s?
7
Let b(z) = z**2 - 5*z + 4. Let p be b(4). Let q(k) = -k - 356. Let i be q(p). Let r = i - -504. What is the units digit of r?
8
Suppose -3*z = -3*y - 561, -3*y - 2*z - 718 = y. Let n = y + 68. What is the tens digit of n/9*(-18)/4?
5
Let d(t) = -t**3 - 24*t**2 - 18*t - 314. What is the ten thousands digit of d(-33)?
1
Let o(a) = -240*a**3 + 5*a**2 + 3*a + 4. Let u be o(-2). Let g = 3105 - u. What is the tens digit of g?
6
Let j be 0*8/32 + 3/(-1). Let y be 3/(j/(-2))*7/(-2). Let f = 37 + y. What is the units digit of f?
0
Let q = -14 - -167. Let g = q - 61. What is the tens digit of g?
9
Let x(w) = -w**2 - 21*w - 16. Let r be x(-20). Suppose 1272 = 4*k - 2*t, -5*t + 967 = 7*k - r*k. What is the hundreds digit of k?
3
Let o = -324 + 742. Let v(m) = -m**3 - 41*m**2 + 5. Let r be v(-41). Suppose 4*i - o = r*c - 13, 2*i = c + 207. What is the tens digit of i?
0
Let m = -1399 + 5551. Suppose -456 = -9*u + m. What is the units digit of u?
2
Let j = -21 - -23. Suppose 35 = -j*d - 2*r + 383, 694 = 4*d + 2*r. What is the hundreds digit of d?
1
Let s = 17189 + -7333. What is the units digit of s?
6
Let w(t) = -114*t - 2. Let p(x) be the first derivative of 115*x**2/2 + 2*x + 15. Let d(c) = -3*p(c) - 4*w(c). What is the hundreds digit of d(1)?
1
Let h(n) = -n**3 - 1. Let g(w) = w**3 + 11*w**2 + 10*w + 10. Let u(b) = -g(b) - 2*h(b). What is the tens digit of u(12)?
1
What is the thousands digit of ((-471801)/319)/(6/(-158))?
8
Suppose 4*x - 5948 = 4*p, -245*p + 248*p - 2984 = -2*x. What is the hundreds digit of x?
4
Let z = 3914 - -1773. What is the tens digit of z?
8
Let z(f) = f - 8. Suppose -u = 7*i - 3*i - 35, -3*u + 70 = 5*i. Let q be (54/u)/(3/10). What is the units digit of z(q)?
4
Suppose -2*n + 4*i = -0*i - 16, 5*n - 19 = 3*i. What is the hundreds digit of (n/(-1) + 61)/((-16)/(-96))?
3
What is the hundreds digit of 28015065/675 - (-4)/(-5)?
5
Let h(s) = -5*s**2 - 110*s - 93. What is the units digit of h(-16)?
7
Suppose t = 2*c + 2, 4*t - 3*t - 4*c = 0. Let a(w) = 625*w**3 - 626*w**3 + 16*w - 12*w + 8*w**2 + 4. What is the units digit of a(t)?
4
Let k(l) = 5*l**3 + 3*l**2 - 8*l - 9. Let p be k(-4). Let x = p + 627. What is the units digit of x?
8
Suppose 7*l = 2*l + 4345. Suppose 0 = -2*k + 3*k - l. Suppose -k = -6*j - 185. What is the tens digit of j?
1
Suppose q + 70*t - 16474 = 65*t, 6*q = 4*t + 98844. What is the units digit of q?
4
Let w(n) = 17*n - 16. Let p(k) = 18*k - 17. Let z(b) = 6*p(b) - 7*w(b). Let l(x) = -x**3 + 7*x**2 - 10*x - 13. Let s be l(4). What is the units digit of z(s)?
5
Let b(w) be the second derivative of -w**5/20 - 29*w**4/12 + 47*w**3/6 + 5*w**2 + 44*w. What is the tens digit of b(-31)?
7
Let x(s) = -2*s**3 + 99*s**2 - 4*s - 352. What is the units digit of x(49)?
3
Let i(y) = 54*y**2 - 31*y + 135. What is the thousands digit of i(14)?
0
Suppose 153*y + 186*y = 40*y + 3654677. What is the units digit of y?
3
Let d(r) = 2*r**3 + 3*r + 2. Let q be d(-1). What is the units digit of q + (-1226)/(-2) + 1?
1
Let q(p) = 4*p + 16*p**2 + 35*p**2 - 18*p**2 - 4. What is the tens digit of q(2)?
3
Let y(z) = -z**3 + 79*z**2 + 379*z - 132. What is the tens digit of y(83)?
6
Suppose -7*f + 16 = f. Let p be (-1 + 3)/(1/76). What is the tens digit of -2 + f + p/(-12)*-3?
3
Let a(l) = l**3 + 17*l**2 + 35*l + 4. Let x be a(-13). What is the hundreds digit of (-375)/x - 1576/(-6)?
2
Suppose 2372*s = 2351*s + 26124. What is the hundreds digit of s?
2
Suppose 5*h = -3*m + 26211, -43753 = 90*m - 95*m + 3*h. What is the hundreds digit of m?
7
Let f be 4 + 1/((-7)/(-21)). Suppose 11 = 3*q + v, 0 = 4*v - f - 13. What is the units digit of q?
2
Suppose 0 = -486*o + 478*o - 2416. Let r = o - -746. What is the units digit of r?
4
Let b = -23 + -11. Let t = 11 + b. Let c = t + 36. What is the units digit of c?
3
Let r(p) = 168*p - 7. What is the tens digit of r(8)?
3
Suppose 0 = -27554*g + 27561*g - 151067. What is the thousands digit of g?
1
Suppose 0 = 4*i - 745 - 1199. Let g = -269 + i. What is the hundreds digit of g?
2
Let m = -2 - -9. Let j(f) be the second derivative of -f**5/20 + 7*f**4/12 + 5*f**3/3 + 53*f - 5. What is the tens digit of j(m)?
7
Let y = 8007 - -4004. What is the units digit of y?
1
Let h be (-3 - 6/(-14))/((-6)/28). Suppose -12*q + 9*q = -h. What is the units digit of 29/(-4 + 18/q)?
8
Let o(f) = 2*f - 27. Let d be o(16). Suppose -d*n - 173 = -g + 73, -2*g - n = -514. What is the hundreds digit of g?
2
Suppose 3*u - 106 = -4*g - 6, g - 4 = 0. Let k(l) = 42*l - 124. What is the tens digit of k(u)?
5
Let m be (-148)/(-3) - (-1)/(-3). Suppose 9*j - 1201 = -m. Suppose 0*i + j = 2*i. What is the tens digit of i?
6
What is the tens digit of 7/42 - (1253/6)/((-9)/279)?
7
Let w be (5/2)/(-5) + 646/4. Suppose i + w = 428. What is the hundreds digit of i?
2
Suppose 4*q - 62252 = 30*i - 33*i, -q = 5*i - 103793. What is the tens digit of i?
6
What is the units digit of (-1)/(3/21) + -103 + 532?
2
Suppose -604*p + 2783092 = -425*p. What is the hundreds digit of p?
5
Suppose 23*n = -4*c + 20*n + 619, n = -5*c + 760. Suppose -2*z = -673 + c. What is the hundreds digit of z?
2
Suppose 88237 = 10*i + 12317. What is the thousands digit of i?
7
Suppose 0 = l, i - 4*l - 5222 - 65 = 0. What is the tens digit of i?
8
Let a be 2*(-3)/(24/(-100))*5. Let i = -42 + a. Suppose i = -8*l + 395. What is the units digit of l?
9
Suppose 215*w - 127004 = -240*w + 12681. What is the units digit of w?
7
Suppose -5*i - 4*s + 190753 = 32269, -2*s = 2*i - 63394. What is the hundreds digit of i?
6
Suppose -4*n - 3*n + 14 = 0. Suppose -2*r = 5*f - f - 7314, -n*r - 1831 = -f. What is the thousands digit of f?
1
Let i be 24*(9/(-6) + 0). Let x be (-3264)/i - (-4)/(-6). Suppose 19*o = 24*o - x. What is the tens digit of o?
1
Suppose 0 = m + 364 - 369. Suppose -m*q - 3*l + 1142 = -1063, 881 = 2*q + l. What is the units digit of q?
8
Suppose 5*p + 3*j = 105638, 105614 = 5*p - 367*j + 366*j. What is the ten thousands digit of p?
2
Let h(l) = -l**2 + l + 80. Let a be h(9). Suppose -a*g + 5*g + 2040 = 0. What is the hundreds digit of g?
6
Let l(d) = d**2 - 13*d + 11. Let r be l(12). Let o be ((-4)/(-8))/(r/(-4)). What is the tens digit of (-30*o/(-4))/(0 - -1)?
1
Let z(k) = 134*k - 227. What is the thousands digit of z(21)?
2
Let x = -71 + 73. Let o be x + -4 + 24/6. Suppose -5*t - v = -490, -127 = -t - o*v - 2